(j) a multiple of 5?
False
Suppose -b - 1 = -3. Is ((-4)/(-3))/(b/69) a multiple of 16?
False
Suppose -3*t + 5*l = 2*t - 605, -4*l = 2*t - 248. Is t a multiple of 8?
False
Let q(i) = i - 1. Let h be (-1)/2 + (-7)/(-2). Suppose 2*m = d - 7, 4*d = -h*m + 13 + 4. Is 2 a factor of q(d)?
True
Let j = 2 + -2. Suppose -5*w - 20 = a, a + w = -j*a - 8. Let r = -2 - a. Is 2 a factor of r?
False
Let v be 2*1 - (-4)/4. Let o be (-9)/2*(-2)/v. Suppose 2*i + 4*q = 16, -o*i - 2*i = 5*q - 30. Does 4 divide i?
True
Suppose -5*l = -2*d - 133 + 31, 0 = -5*l - 3*d + 122. Let r = l + -6. Is 5 a factor of r?
False
Let g = -2 + -1. Let q be 8 - -5 - (0 - g). Does 10 divide (q + 0)/((-2)/(-4))?
True
Suppose 5 = 5*z - 5. Is 8 a factor of z/(-3) - 50/(-3)?
True
Let n = 104 - 81. Is n a multiple of 2?
False
Does 16 divide (-420)/8*(2 - 4)?
False
Let b be 79/1 - (-15)/(-5). Suppose -3*i + 68 + b = 0. Does 13 divide i?
False
Suppose -4*b + 0*b = 3*o - 43, 4*b - 60 = -4*o. Let a be (-16)/(-60)*-6 + (-3)/(-5). Is 14 a factor of (o/4)/(a/(-4))?
False
Suppose 3*n = 5*n - 6. Suppose n*u + 60 = 5*t - t, 0 = 5*t + 4*u - 44. Is (t/(-7))/(4/(-14)) a multiple of 6?
True
Let b(d) = -2*d - 5. Let t be b(-5). Suppose -t*s - 16 = 4*r, -5*s + 5*r - 44 = -19. Is 18 a factor of (54/s)/((-6)/16)?
True
Let r(n) = n**3 - 6*n**2 + n - 3. Let v be r(6). Suppose 0 = g - v*g + 80. Is g a multiple of 20?
True
Let z = 81 + -31. Does 10 divide z?
True
Suppose 2*i = 3*i - 50. Let m be 1/3 + 340/(-12). Let z = i + m. Is z a multiple of 12?
False
Let k be 0 + -1 - -8 - 3. Suppose -21 + 129 = k*w. Is 14 a factor of w?
False
Let p(x) = 2*x**2 + 6*x. Let b be p(-5). Suppose -b = -q - q. Is q a multiple of 4?
False
Suppose 0*i - 4*i = 2*r - 118, -5*i - 235 = -5*r. Is 12 a factor of r?
False
Let l = 3 + -3. Suppose m - 11 - 13 = l. Is 24 a factor of m?
True
Let a(u) = 0 - 3*u + 0*u - 4 - u + u**2. Let n be a(7). Suppose -x + 9 = -n. Does 10 divide x?
False
Suppose 4*c = -5*l + 32, 2*l = -2*l - 5*c + 31. Let v = 20 + -18. Suppose -2*k = -3*q - 39, v*q + 37 = k + l*q. Is k a multiple of 9?
True
Let d(j) = j**3 + j**2 + j + 1. Suppose r + 0 = -m - 1, 4*m - 4*r = 28. Let w be d(m). Suppose 3*l = -i + 12 - 2, 3*i + 4*l - w = 0. Does 16 divide i?
True
Suppose o - 9 = -4. Suppose 0 = -4*i + 16, 2*b + 4836 = 6*b - o*i. Is b/22 - 2/11 a multiple of 22?
False
Let v(a) = a**3 + 12*a**2 + 2. Let m be v(-12). Is (m + 0)/(14/49) a multiple of 3?
False
Suppose 51 = r - 12. Suppose -4*g = -2*z + r - 1, -z + g + 31 = 0. Is 8 a factor of z?
False
Suppose a - m + 7 = 13, 5*a + 4*m = 75. Is 11 a factor of a?
True
Suppose -4*c = 5 + 11. Does 5 divide (-59)/c - 1/(-4)?
True
Let m(l) = 6*l**3 + 9*l**2 - 5*l. Does 38 divide m(3)?
True
Let z(v) = -v**2 + 8*v - 1. Let n be z(8). Is 10 a factor of n - (-1 - -4 - 22)?
False
Let d(r) = -4*r - 6. Let q be d(6). Let y = -20 - q. Is 9 a factor of (-2)/(-10) + 178/y?
True
Suppose -82 = -z + 80. Suppose -5*d - 57 + z = 0. Does 16 divide d?
False
Suppose 2*t - 99 - 111 = -p, 198 = 2*t - 5*p. Is 32 a factor of t?
False
Suppose -3*z - 2 - 16 = 0. Let n(q) = q**2 + 6*q + 8. Is n(z) a multiple of 4?
True
Suppose 0 = -4*y + 5*y + 4, w + y = 76. Suppose 9 = -2*p + 5*p. Suppose -p*s - s = -w. Is s a multiple of 17?
False
Let s be 7/2 + 3/(-6). Suppose -y - 12 = -s*y. Is ((-3)/y + 1)*82 a multiple of 13?
False
Let o = -222 + 372. Is 15 a factor of o?
True
Suppose -5*a = -33 - 7. Let t = a + -2. Suppose -3*z - 28 = -5*p, -t*p = -5*p + 2*z - 16. Is p a multiple of 4?
True
Let w be 24*4/(32/(-6)). Does 25 divide (-888)/w - (-4)/6?
True
Let s = -2 + 7. Suppose s + 5 = 2*a, 2*l + 3*a = 25. Suppose -d = -16 - l. Does 9 divide d?
False
Let u = -6 + 48. Is 6 a factor of u?
True
Let p(x) = 21*x**2. Let h = -13 - -6. Let j = -6 - h. Is 9 a factor of p(j)?
False
Suppose 2*n - 47 - 73 = 0. Is n a multiple of 12?
True
Let c = 14 - 12. Does 3 divide 6 - (2 + -2 + c)?
False
Let a = 28 + -7. Is a a multiple of 16?
False
Suppose -9 = -3*o, 0 = 3*u + o + 2*o - 9. Suppose -3*z - 3 - 12 = u. Let g = z - -30. Is 10 a factor of g?
False
Let s be (15/(-6) + 3)*10. Let z be (s + (-2)/(-2))*3. Does 12 divide (-2 - 16/(-6))*z?
True
Suppose -749 = -5*j - 279. Suppose -4*r + 30 = -j. Is 20 a factor of r?
False
Suppose -3*b - 29 = 5*g, -2*b + 8*g = 3*g - 14. Let t(x) = -x**2 - 5*x - 2. Does 2 divide t(b)?
True
Let o = 1 + 21. Suppose 2*h = m - o, -4 = m + 3*h - 1. Is 3 a factor of m?
True
Let p(v) = -5*v**2 + 6*v**2 + 0*v**2 - 2*v - 1. Let m be p(4). Suppose -l - 13 = -2*l + 4*q, -q = -l + m. Does 5 divide l?
True
Suppose 1 = -z + 8. Let h(p) = 4*p. Is 14 a factor of h(z)?
True
Let s be (-6)/(-2) - (0 - -1). Let h(j) = -1 - 8*j - j**2 + 3 - s*j. Does 2 divide h(-10)?
True
Let l(v) be the second derivative of 10*v**3/3 + v**2 + 3*v. Is l(3) a multiple of 31?
True
Let t = -8 - -12. Suppose -66 = -t*g - 2. Is g a multiple of 9?
False
Let p(k) = 89*k**2 - k. Let l be p(1). Let f = l + -28. Suppose -i = -3*i + f. Does 15 divide i?
True
Let d be (-842)/(-6) - 6/(-9). Let u = -95 + d. Does 20 divide u?
False
Let b(m) = 3*m**2 - 5*m + 7. Let q be (-10)/((-2)/(-2) - 3). Is 25 a factor of b(q)?
False
Let d(n) = -7*n - 9. Is d(-3) a multiple of 4?
True
Suppose -5*z - 4*s + 750 = s, -316 = -2*z + 2*s. Suppose -z = 2*r - 7*r - 4*t, -117 = -4*r + 3*t. Is r a multiple of 7?
False
Let l(x) = -3*x**2 + 0 + 3*x - 2 + 4*x**2. Suppose -2*c - 4*z = 0, -4*c + 4*z - 1 = -13. Is l(c) a multiple of 4?
True
Let c(m) = 46*m**3 - m**2. Does 11 divide c(1)?
False
Let m(x) = -x - 3. Let a be m(-6). Suppose 2*j + a*j = 150. Does 12 divide j?
False
Let p(d) = d**3 + 5*d**2 - 6*d - 6. Is p(-4) a multiple of 34?
True
Suppose 0 = -5*s + 3*g + 389, -4*s + 5*g = s - 395. Does 19 divide s?
True
Suppose 0*k = -4*b - 2*k - 172, 2*b = k - 78. Let n = b - -58. Is n a multiple of 9?
False
Let b(d) = 5 - 3*d + d - 5. Let v be b(2). Does 4 divide (-6)/2 + (-32)/v?
False
Suppose -3*p = 5*r - 312 - 12, p - 262 = -4*r. Is 19 a factor of r?
False
Let l(c) = c**3 - 5*c**2 - 5*c - 4. Let f be l(6). Suppose 0 = y + 5*r + 4, f = -y + 2*r - 2. Let w(n) = -n**3 - 3*n**2 + 2*n + 3. Is 9 a factor of w(y)?
False
Suppose 0 = 3*k - 3*m - 447, -m + 2*m - 427 = -3*k. Let s(z) = -z + 1. Let h be s(-3). Suppose h*l - k = l. Is 19 a factor of l?
False
Suppose u - 4*u = -3. Suppose 3*j - 3*b + u = 172, j - 4*b = 66. Is j a multiple of 18?
True
Let u be (0 + -3)*6*-1. Let x = 31 - u. Does 8 divide x?
False
Is 13 a factor of (6 - 2) + 99 + 1?
True
Let z be 3*-3*(-15)/27. Suppose -5*j + z*y + 29 = y, j = 2*y + 7. Is j a multiple of 3?
False
Let x = -17 - -22. Suppose 0 = 5*i + a - 176, x*i + 5*a - 178 = 2*a. Is i a multiple of 8?
False
Let v(j) = j**2 + 4*j - 7. Let q be v(-5). Let z(g) = -12*g**3 + 2*g + 1. Let n be z(q). Suppose 37 = -2*h + n. Is 14 a factor of h?
True
Suppose 29 = -7*k + 176. Is k a multiple of 3?
True
Suppose -165 = 5*o - 0*o. Let a = o - -51. Is a a multiple of 13?
False
Let k(g) = g**3 - 2*g**2 + 4*g - 1. Let o be k(4). Let y = 70 - o. Does 6 divide y?
False
Let v = -57 + 63. Is 6 a factor of v?
True
Suppose 12*g - 261 = 3*g. Does 16 divide g?
False
Let g(v) = -v**2 + v + 17. Suppose -3*p = -3*w - 3, p + 5*w - 3*w - 4 = 0. Suppose -p*i = -i. Is 17 a factor of g(i)?
True
Let r(t) = 104*t**3 - 2*t**2 + 2*t - 1. Does 15 divide r(1)?
False
Let u = -3 + 22. Let p = -3 + u. Is p a multiple of 10?
False
Let h(g) be the second derivative of g**4/12 + g**2/2 + 8*g. Does 8 divide h(4)?
False
Let s = 5 + 19. Is -1*4/(-2) + s a multiple of 12?
False
Suppose 240 = -0*u + 4*u. Suppose -14*w + u = -9*w. Is 4 a factor of w?
True
Suppose -5*g + 16 + 40 = -2*k, 0 = g - 4*k - 4. Does 12 divide g?
True
Let t = 13 - 33. Let s = 3 - t. Is 13 a factor of s?
False
Let t(v) = -v**2 + 22*v - 12. Is 36 a factor of t(12)?
True
Let y(b) = 13*b + 3. Let r(p) = -27*p - 6. Let s(w) = 4*r(w) + 9*y(w). Does 12 divide s(4)?
False
Let f be ((-27)/(-6))/(1/6). Suppose -v + 4*v = f. Is v a multiple of 9?
True
Let h be ((-3)/(-6) - 1)*-18. Let w be 1*3*6/h. Suppose -m = -w*m + 10. Does 10 divide m?
True
Let f = 14 - -26. Suppose 0*y = y - f. Does 17 divide y?
False
Let t = 5 - 0. Suppose -6 + 36 = t*w. Is (-28)/w*(-108)/42 a multiple of 4?
True
Let r(t) = -t**3 + 2*t**2 + 8*t + 6. Let j be r(-6). Let p = 